8). Suppose -5*n + s*i = -555, 3*n + 2*i - 333 = -0*i. Is n a composite number?
True
Suppose 0 = -f - c - c + 2, -5*f = -5*c - 55. Suppose -4*z = -4*k - 508, -f*k + 3*k - 381 = -3*z. Is z composite?
False
Let i(p) = -356*p - 105. Is i(-26) prime?
True
Let r = 5922 + -2908. Suppose b - 5*w - r = -2*b, -w = -b + 1004. Is b a prime number?
False
Let y = 27 - 25. Suppose -3*k = -y*k - 103. Is k composite?
False
Suppose -98308 = -5*y + w, 3*w - 83642 = -5*y + 14654. Is y a prime number?
True
Suppose -26*r + 22*r = 3*o - 134693, r - 33677 = -2*o. Is r composite?
True
Let l(u) = 143*u - 9. Let k(o) = -71*o + 5. Let h(z) = -11*k(z) - 6*l(z). Let d be h(-6). Let a = d + -88. Is a composite?
False
Let l(y) = 915*y**2 + 5*y + 6. Let q(k) = -k**2 - k - 1. Let c(x) = l(x) + 5*q(x). Is c(1) a prime number?
True
Suppose 0 = 3*s - 4*n - 173, 2*n - 184 = -4*s + 32. Suppose 0 = -3*t - q - s, -2*t - 18 = 2*q + 20. Is (12/t)/((-4)/1074) composite?
False
Let p(w) = -w**3 - 9*w**2 + 3. Let b be p(-9). Suppose 11*j = b*j + 7816. Is j a prime number?
True
Let p(g) = 2178*g**2 - 10*g + 11. Is p(3) a composite number?
False
Let o = 17104 - 8623. Suppose -18*z = -15*z - o. Is z a prime number?
False
Suppose -2*b + 16372 = -5*i, 0 = -2*b - 4*i + 17120 - 730. Is b a composite number?
False
Let j be 12*(-4)/(40/(-785)). Let a = j - 647. Is a a composite number?
True
Let n(o) = 311*o**2 + o. Suppose -z = 4*z + 5. Let s be n(z). Suppose -8*y + s = -3*y. Is y a prime number?
False
Let h = -9 - -3. Let u(r) be the third derivative of r**6/120 + r**5/5 - r**4/12 - 5*r**3/6 - r**2. Is u(h) prime?
True
Let x(c) = -2*c - 8. Suppose -5*m + 46 + 49 = 0. Let u = -28 + m. Is x(u) composite?
True
Suppose 0 = 5*o - 551 - 659. Suppose -5*z = o - 1057. Is z prime?
True
Let g(q) be the first derivative of 1/4*q**4 + 8 + 1/2*q**2 - 1/3*q**3 + 6*q. Is g(7) composite?
False
Is 10302 + -5 + 18/(-6) a prime number?
False
Let r(c) = -2*c**3 + 14*c**2 - 9*c + 16. Let q be r(10). Is -2 + q/(-3) - (-15)/45 prime?
True
Let u(b) = -b**3 - b**2 - b + 1. Let g(v) = -205*v**3 + 3*v**2 + 6*v - 5. Let l(z) = -g(z) - 5*u(z). Is l(1) a composite number?
False
Let s(z) = z**3 + 6*z**2 - 5*z - 7. Let u be s(-6). Let r(k) = 29*k - 38. Is r(u) a composite number?
True
Suppose 10 + 22 = -4*x. Let u(b) = 5*b**2 - 9*b - 11. Is u(x) prime?
False
Suppose 0 = -27*j + 72*j - 587835. Is j prime?
True
Let j be (-1 + 3)*(-112)/(-7). Let u be (-8)/14 + j/7. Suppose -u*t + 5*v = -11 - 137, 5*t + v = 185. Is t a prime number?
True
Suppose s + 0*a = 2*a + 1095, -3*s - a = -3250. Let h = -762 + s. Is h a prime number?
False
Let j(l) = -10*l + 13. Let a(r) be the third derivative of 29*r**4/24 - 20*r**3/3 - 8*r**2. Let s(b) = -6*a(b) - 17*j(b). Is s(0) composite?
False
Suppose 5329 = -3*u + 4*z + 18522, 0 = 5*u - z - 21960. Is u a composite number?
False
Suppose 14646 = -3*b - 4*p + 135323, -2*b + 80463 = 5*p. Is b composite?
True
Suppose 0 = -2*h - 7 + 27. Let q = 16 - h. Let z(s) = -s**2 + 12*s - 5. Is z(q) a prime number?
True
Let l(r) = -9*r**3 - r**2 - 7*r - 8. Suppose -30 = 2*x + 3*x. Let h be l(x). Suppose n = -n + h. Is n composite?
False
Suppose -5*l = -6*l + 4. Let c(j) = -5*j**3 + 4*j**2 - j - 3. Let k be c(l). Let r = k + 517. Is r prime?
False
Let s = 5135 - 2868. Is s prime?
True
Let i(s) = 6*s**2 - 51*s - 44. Is i(-33) a composite number?
True
Let c(s) = -s**3 - 3*s**2 + s + 1. Let w be c(-3). Let a = 3 + w. Is 129 - (a - -1 - 0) composite?
False
Let n be (((-632)/(-4))/(-1 - 1))/(-1). Is n*2 - (-4)/4 composite?
True
Let v = 41070 + -28711. Is v composite?
True
Let i be 42/11 - (-10)/55. Suppose i*z + 3*m = 1166, -m + 299 = z - 4*m. Is z a prime number?
True
Let a(z) = 3*z - 2. Suppose -3*h = 3*f - 5*h + 62, -4*f + 3*h - 84 = 0. Let g be 2/(-4)*f/3. Is a(g) composite?
False
Suppose -5*u + 3605 = 830. Suppose 0 = 2*o - 7*o - u. Let b = 452 + o. Is b a composite number?
True
Let c = 22 + -20. Suppose -3*t = c*n - 7*n - 338, 5*t - 557 = 2*n. Is t a composite number?
True
Let s(c) = -c - 5. Let x be s(-7). Suppose q - 2*q + x = 0. Suppose q*r - 5*r = -921. Is r prime?
True
Let x(d) = 4*d - 14. Let f be x(10). Let o = f + -16. Let i = o + 21. Is i composite?
False
Let d = 18 + -15. Suppose -d*c + 767 = -2*c. Is c a prime number?
False
Suppose 5*a = -w + 1, -37 - 21 = 5*w + 4*a. Is (504 - 2)*(-35)/w a prime number?
False
Suppose 0 = 3*p - 4*b - 24068 + 655, -5*p = -b - 39033. Is p a composite number?
True
Let b(d) = -6*d**2 + 22*d**2 + 8 + 7*d**2 + 16*d**2. Let l be b(5). Let r = -688 + l. Is r composite?
True
Is 3/(-9)*(-5)/(30/122004) composite?
True
Let k(q) = -6*q**3 + 18*q**2 - 49*q - 201. Is k(-14) a prime number?
True
Suppose -5*g - m = -19, 4*m - 5*m = -g - 1. Let n be (8*1/(-2))/(2/(-1)). Suppose -s + 386 = 3*d, -771 = -2*s - g*d - n*d. Is s a prime number?
True
Suppose 2*o + 55 = -3*h + 2*h, 5*h - 4*o = -331. Let z = h + 92. Let p = z - 3. Is p composite?
True
Let k = 18 - 10. Let v be (2 + 1)/(k/(-88)). Let x = v + 91. Is x a prime number?
False
Suppose -f - f = -3*g + 19, -4*g + 17 = -f. Suppose 2*t - 979 = -z, g*t - z - 1150 = 306. Is t a composite number?
False
Suppose -2*b + 382 = 2*n, 5*n - 5*b = -2*b + 995. Suppose 30 = 5*u - 3*l, -u - 4*l - 12 = 5. Suppose -5*x + 338 = -5*c + 8, u*x - n = 5*c. Is x prime?
True
Let a(t) = 2*t + 2. Let v be a(5). Let f be v/3 - (3 - 3). Is (-99)/(-3) + (-8)/f composite?
False
Is 23470/2*49/35 composite?
True
Suppose 4*l = -0*l. Suppose c + 0*c + 3*n - 20 = l, -2*c + 25 = 3*n. Suppose 3*o = c*k - 422, 3*o = k - 0*o - 82. Is k composite?
True
Let n(w) = -3*w**3 - 5*w**2 + 7*w + 6. Let x(a) = 4*a**2 - 3*a. Let f be x(2). Let o = f - 15. Is n(o) composite?
True
Let q = -409 + 1483. Suppose -9*s = 75 - q. Is s a prime number?
False
Let i = 48 + -35. Let c(y) = 10*y**2 + 30*y + 1. Is c(i) composite?
False
Let b = -50 + 54. Suppose 0 = -r - 1, -b*f + 3*r + 1590 + 577 = 0. Is f a composite number?
False
Let i = 3098 - 661. Is i prime?
True
Let j be (-2)/3 - (-8022)/18. Suppose 0 = 7*v - 2*v - j. Is v a composite number?
False
Let t = 135 + -254. Let l = -54 - t. Is l a prime number?
False
Let b(d) = 1438*d**3 - d**2. Let j be b(1). Suppose 3*s - s - 1910 = -4*c, -3*c + 3*s = -j. Is (-4)/(-4) + c + 0 a prime number?
True
Let z be -168*(6/4 - (-91)/(-26)). Let w = 733 - z. Is w composite?
False
Suppose 18 = -2*w - w. Let z = w + 2. Let c = z - -11. Is c prime?
True
Suppose 0 = -4*y + 354 + 490. Is y a prime number?
True
Let v(z) = 197*z**2 + 47*z + 23. Is v(15) a prime number?
True
Let b be (-15)/(-5) - -1*45. Let y = b - -17. Is y a prime number?
False
Let m(i) = 35*i + 998. Is m(-21) a composite number?
False
Suppose 2*i - 3186 = 4*s, -i + 3*s + 2084 = 496. Let f = 1125 - i. Let t = -147 - f. Is t a prime number?
True
Suppose 6*o - 6620 = o. Suppose 0 = 23*b - 7*b - 80. Suppose b*f - f - o = 0. Is f a prime number?
True
Let l(y) = 2*y**3 - 21*y**2 + 9*y + 15. Let c be l(10). Suppose -c*q + 14647 = 5837. Is q composite?
True
Let f = -266 + 427. Is f prime?
False
Let h = -21 + 12. Let q = 3 + h. Is (-1)/((-2)/q) - -202 a prime number?
True
Suppose 8*a - 8 = -24. Is ((-2)/(-3))/(a/(-57)) prime?
True
Let f(s) = 2891*s**2 - 3*s. Is f(2) prime?
False
Suppose z + n + 4 = 0, -5 = 4*n + n. Is 158/((-3)/z) - -3 composite?
True
Let d(s) = -214*s - 1. Let y(b) = 1. Let p(w) = d(w) - 2*y(w). Is p(-1) a prime number?
True
Suppose m - 4*a = 242, 3*m - 690 = -5*a + 36. Suppose -u + m = -34. Suppose -g + 4*g - u = -3*w, 89 = g + 4*w. Is g a prime number?
False
Is (-24 + 23)*2518/(-2) prime?
True
Let c(a) = -3*a**3 + 3*a**2 + a + 2. Let k be c(-3). Let b(u) = 110 + 2*u**2 - k - 8*u - u**3 - 3*u**2. Is b(-5) a composite number?
True
Suppose -5259 = -692*h + 689*h. Is h a composite number?
False
Suppose 0 = 135*u - 122*u - 21541. Is u composite?
False
Let s(b) = 16 + 10 + 41*b - 30. Is s(3) a composite number?
True
Suppose 0 = 2*g - 3*g + 2*y + 16955, 2*g - 3*y - 33905 = 0. Is g prime?
False
Let o(b) be the second derivative of b**4 - b**3/2 - 9*b**2 - 6*b. Is o(5) a prime number?
False
Let k = 62 + -61. Is (k + 133 + -3)*(3 - 2) prime?
True
Let f = 5 - 7. Let g = -6 + 11. Is -2 + 42 + f + g composite?
False
Let q = -27 - -116. Suppose 2*i - q = 413. Is i a prime number?
True
Suppose -5 = 10